
Let i be -2*(-4 + 2 + 0). Calculate the greatest common divisor of i and 10.
2
Let m(i) = 2*i + 16. Let a(x) = -x - 5. Let f(s) = -16*a(s) - 5*m(s). Suppose 5*j = -4 + 14. Let c be f(j). Calculate the greatest common factor of 24 and c.
12
Suppose 4*u - 280 = -40. What is the greatest common divisor of 6 and u?
6
Suppose -2*i + 21 = -15. Calculate the greatest common factor of 72 and i.
18
Suppose -2*l + 7 - 1 = 0. What is the highest common divisor of l and 15?
3
Suppose 4*y = y + 84. Let i = -6 + 10. Let o = i - 0. What is the highest common divisor of y and o?
4
Let h(n) = -4*n**3 - n**2 - 2*n - 2. Let d be h(-1). Suppose 11 + d = z. Suppose 4 = w - 3. What is the highest common divisor of z and w?
7
Let z(x) = -x**2 - x + 2. Let c be z(0). Suppose 0 = 5*g - 13 - 67. What is the highest common divisor of c and g?
2
Let b(n) = -n. Let f(c) = c**2 - 3*c - 3. Let o(h) = -3*b(h) + f(h). Let l be o(-3). What is the greatest common factor of l and 48?
6
Suppose -4*l = 5*t - 727, -4*t - 5*l = -0*t - 587. Calculate the greatest common factor of 11 and t.
11
Let g(j) = j**2 - 12*j - 1. Let f be g(11). Let d be 9*((-8)/f - -1). Calculate the greatest common factor of d and 45.
15
Let u(x) = -x**2 - 5*x + 3. Let z be u(-4). Let p = -9 + 19. Let h = z + p. Calculate the greatest common divisor of 136 and h.
17
Let i be 5/(-20) - 26/(-8). Suppose i*b + o = -4*o + 754, 0 = -3*b - o + 770. Let q = -159 + b. What is the greatest common factor of q and 11?
11
Suppose -2*l - 4*v + 350 = 0, -l - l + 340 = -v. Let m(i) = i**2 - 2*i + 4. Let n = -4 - -1. Let b be m(n). What is the greatest common divisor of b and l?
19
Let h = 80 - -28. What is the highest common factor of 12 and h?
12
Suppose 2*x + 12 = 6. Let q = 15 - x. What is the highest common divisor of 90 and q?
18
Let v be -2 - (-6 + 1) - (-11 - -7). Let x be 9 + (0 + -1)*2. What is the highest common divisor of x and v?
7
Let i = 82 - 73. What is the highest common factor of 18 and i?
9
Suppose 9*f = 4*f - 30. Let o be (2/f)/((-2)/12). Calculate the greatest common factor of o and 2.
2
Suppose 5*n + 30 = 85. Suppose -10*l = -n*l + 19. Calculate the greatest common divisor of 209 and l.
19
Suppose -l = 18*l - 57. Suppose 65 = -3*n - 2*n. Let g = n - -19. What is the highest common factor of g and l?
3
Suppose -8*v + 66 = -5*v. Let k = v + -10. Calculate the highest common factor of k and 48.
12
Let q(h) = h**3 - 2*h**2 - 5*h + 1. Suppose -2*u + 3*u - 4 = 0. Let c be q(u). What is the greatest common factor of 52 and c?
13
Let z be (-1)/2 + (-5)/(-2). Suppose -8 = -z*p + 4*u, 0 = -3*p + 8*p + 5*u - 20. Calculate the greatest common divisor of 6 and p.
2
Let c(y) = 91*y - 1. Let z be c(1). Let m be ((-6)/9)/((-12)/270). Calculate the highest common divisor of z and m.
15
Let n be ((-15)/(-6))/((-20)/(-16)). Suppose -6*l = -4*l - n. What is the highest common factor of 1 and l?
1
Let w be (-489)/(-15) + (-6)/45*-3. What is the greatest common divisor of w and 22?
11
Suppose -4*p - p + 20 = 0, 4*q + 4*p - 72 = 0. What is the highest common factor of q and 35?
7
Suppose 12 - 4 = 4*l. Suppose -6*t = -l*t + 4. Let v be 21/6*t*-2. What is the highest common divisor of v and 7?
7
Suppose -3*l - 4*q = -43, -3*l + 2*l - 4*q = -25. Calculate the highest common divisor of 9 and l.
9
Let t(y) = y**3 + 5*y**2 - 3*y - 11. Let k be t(-5). What is the highest common factor of 4 and k?
4
Let x(v) = 21*v - 8. Let m be x(-4). Let y be -1 + m/(-7 - -3). What is the greatest common factor of y and 22?
22
Let t be (156/(-15))/(2/(-45)). Let d = -114 + t. Calculate the greatest common factor of d and 48.
24
Suppose -5*n + 12 + 38 = 0. Let p(w) be the third derivative of w**5/60 - 2*w**3/3 - w**2. Let m be p(-3). What is the greatest common factor of m and n?
5
Let q(t) = 2*t**3 - 6*t**2 - 4*t - 10. Let y be q(5). Calculate the greatest common factor of y and 10.
10
Suppose -x + 5 = 2. What is the greatest common divisor of 2 and x?
1
Let c(i) = -3*i. Let d be c(1). Let z(p) = -p. Let m be z(-5). Let w = m + d. What is the greatest common factor of 12 and w?
2
Let l(w) = w**2 - 4. Suppose -2*n - n - 7 = -2*p, -3*p - 17 = n. Let f be l(p). What is the highest common divisor of 18 and f?
6
Let k(a) = -a**3 - 6*a**2 + 8*a + 7. Let r be (-3 + 4)/((-2)/14). Let d be k(r). Suppose -z + 0*z + 15 = d. Calculate the highest common factor of z and 5.
5
Suppose 3*f = 2*a - 250, 126 = a - 2*f + f. Calculate the highest common factor of a and 16.
16
Let f be (3/(-4))/(3/(-36)). Suppose 4*h - f = 11. Suppose -4*b + 9 = -k, -h*b + 27 = -k + 5*k. What is the greatest common factor of 12 and b?
3
Let v be (1/(-2))/((-1)/(-24)). Suppose 5*h + 4*q + 127 = 0, -3*h + 3*q - 8 = 52. Let r = v - h. Calculate the highest common factor of 1 and r.
1
Suppose -2*c + 5*c = 27. Suppose 0 = -3*f - 12, 11*f - 42 = -x + 8*f. Calculate the highest common divisor of x and c.
9
Suppose 0 = b + 4, -5*j = -8*j - 2*b + 34. What is the highest common factor of j and 112?
14
Let k be 2/(-3)*(-3 + -15). Calculate the greatest common factor of k and 12.
12
Let h(u) = -2 + 0*u**2 + u**2 - 1. Let o be h(-4). Let g(d) = -28*d + 7. Let q be g(-3). What is the highest common divisor of o and q?
13
Let w = 5 + -9. Let t(u) = u**3 + 4*u**2 - 2*u - 5. Let y be t(w). What is the greatest common factor of y and 15?
3
Let h = -142 + 257. Calculate the highest common factor of 46 and h.
23
Suppose -5*b = -59 - 61. Calculate the greatest common divisor of 216 and b.
24
Let y(b) = -b**3 + 10*b**2 + 2*b - 12. Let w be y(10). Suppose 0 = -u + 2, 4*o + 5*u - 30 = -w. What is the highest common factor of o and 6?
3
Let k be (-29)/(-6) + (-16)/(-96). Suppose k*b + 35 = 260. Calculate the greatest common divisor of 15 and b.
15
Let x(u) = -3*u**3 + 1. Let z be x(-1). Calculate the highest common divisor of 12 and z.
4
Let r = 4 - 6. Let s be (-6)/8*r*10. Suppose k - 6 = -0. Calculate the highest common divisor of s and k.
3
Let r(v) = -17*v - 4. Let q be r(-7). Suppose 0*d - 5*d = -q. Calculate the greatest common divisor of d and 207.
23
Suppose 5*x - 208 = 17. Calculate the greatest common divisor of 5 and x.
5
Suppose 20 - 27 = -h. Suppose -4*q = -h*q + 12. Calculate the greatest common divisor of q and 44.
4
Let t(m) = 3*m**2 + m - 13. Let g be t(-5). Calculate the highest common factor of g and 19.
19
Let i = 317 - 130. Suppose -105 = -3*s + j, -5*j = -4*s - 58 + i. What is the highest common factor of 4 and s?
4
Let i = 3 + 6. Let f(c) = -c - 5. Let j be f(-6). Let m be 45*(j - -1 - 1). Calculate the greatest common divisor of m and i.
9
Let l(h) = -h + 26. Suppose t + 15 = 6*t. Suppose -z - 2*z - 2*q + 10 = 0, 0 = t*z - q + 5. Let v be l(z). What is the highest common factor of 39 and v?
13
Let y = 17 + -11. Let t be (-1)/(-3 + (-132)/(-45)). Calculate the highest common factor of y and t.
3
Suppose -741 = -5*s + 414. Suppose 0 = 5*x - 259 - s. What is the greatest common factor of x and 14?
14
Let o = 113 - 25. Suppose -2*p + 32 = 4*w, 5*w - 3*p = 2*p + 25. Suppose 0 = -s + y + w, -3*s + 6*y = 4*y - 25. What is the greatest common divisor of s and o?
11
Suppose 4*f - z - 2 = 0, 0 = -f + 3*z - 4*z + 3. What is the highest common factor of 10 and f?
1
Let k = -93 + 188. What is the greatest common factor of k and 38?
19
Let v(x) = 11*x**2 + 2*x + 3. Let q = -10 - -7. Let p be v(q). Suppose n = -n + p. Calculate the highest common factor of n and 6.
6
Suppose 0 = -2*b, -4*v + 23 = 4*b - 21. Let z = 49 - -10. Let f = -26 + z. Calculate the greatest common divisor of f and v.
11
Let l be ((-1)/(-2))/(1/18). What is the highest common factor of 1 and l?
1
Suppose 0 = -2*n - 9 - 3. Let m(r) be the third derivative of -r**4/24 + 2*r**3/3 + r**2. Let u be m(n). What is the greatest common factor of 50 and u?
10
Let o = -9 - -17. Let n be 130/6 + o/(-12). Calculate the highest common factor of 21 and n.
21
Suppose -l = -3*w - 3, -w = 3*l - 11 - 8. Suppose 2*j = -0*j + l. Suppose -66 - 15 = -j*h. What is the highest common divisor of 18 and h?
9
Let s = -19 - -63. What is the greatest common factor of s and 4?
4
Let i = 11 - 5. Let x(o) = -1. Let h(b) = -b**3 + 8*b**2 - 2*b - 5. Let m(z) = h(z) - 5*x(z). Let s be m(i). What is the highest common factor of s and 24?
12
Suppose -2*y + 876